se 15 = 3*j, -4*l + 3*j + 2*j = 29. Let x be 9/6*(l + 3). What is the greatest common factor of v and x?
3
Suppose -56 = -3*s + 58. Calculate the highest common factor of s and 798.
38
Let i be (-15)/(-6) + (-2)/(-4). Suppose -4*o + y + 97 = -4*y, -i*o - 5*y + 29 = 0. Calculate the highest common factor of o and 72.
18
Let h be (-2 - -1)*(-4 - -7) - -8. Suppose -4*b = -4*m + 188, 3*m + b - 140 = h*b. What is the greatest common factor of m and 16?
16
Suppose -2*t - 5*j = -30, 4*j - 32 = -4*t + j. Suppose 0 = 5*x - 3*v - 31, 7*x - t*x - 3*v = 16. What is the highest common divisor of x and 40?
5
Let q = 95 - 90. Suppose 4*n + 16 = q*n. What is the highest common factor of n and 208?
16
Suppose 0*d = -3*r + d + 85, 2*d + 8 = 0. Let s(j) = -19*j + 5. Let f be s(6). Let q = f + 244. What is the greatest common factor of r and q?
27
Let t be (-2 - (-78)/36)*-4*-15. What is the greatest common divisor of t and 10?
10
Suppose 33*r - 5*r = 196. Suppose m - 67 = -p - m, 0 = -3*p + m + 187. Calculate the greatest common divisor of r and p.
7
Suppose -3*i - i + 14 = -r, -2*i - 5*r = 4. Suppose -2*z = i*h - 352, 2*z = 5*h - z - 574. Let j = h - 46. What is the greatest common factor of j and 10?
10
Let v be ((-2)/4)/((-1)/2). Suppose -6*q - 12 = -9*q. Suppose -x - 11 - v = -3*m, 0 = q*m + 3*x - 16. Calculate the highest common factor of m and 2.
2
Let u be (14/(-14)*-2)/((-2)/(-9)). What is the greatest common divisor of 90 and u?
9
Suppose 2*z + 5*k - 235 = 55, 3*k = 5*z - 694. Let m = -726 + 761. What is the greatest common divisor of m and z?
35
Suppose 6*r = 733 - 229. Calculate the highest common divisor of r and 105.
21
Suppose 83 = 4*k - 2*s - 403, 2*k - 4*s - 234 = 0. Let j = 107 + -25. Calculate the greatest common divisor of k and j.
41
Let d(j) = -42*j - 298. Let a be d(-13). Calculate the highest common factor of a and 32.
8
Let s(t) = t**3 - 9*t**2 - 2*t - 26. Let z be s(10). Calculate the highest common factor of z and 18.
18
Let f = 6 - -7. Let c(q) = -29*q - 6. Let i be c(-4). Suppose -2*a = -5*t - i, -4*a - 43 = -3*t - 291. Calculate the greatest common factor of a and f.
13
Let g = 1037 + -992. What is the highest common divisor of g and 70?
5
Let r = 9 + -5. Suppose -6*i + 32 = -4*w - i, -r*i = -3*w - 25. Let m(c) = -c**2 - 6*c + 3. Let a be m(w). What is the greatest common factor of a and 30?
6
Let o(u) = u**2 - 10*u - 1. Let y be o(8). Let h = y + 47. Suppose -2*x = x - h. Calculate the highest common factor of x and 25.
5
Let k be (9 - 14) + (103 - 4). What is the highest common factor of 846 and k?
94
Let t be 34/2 - (-15 + 21). Suppose -3*f + 47 = -19. What is the highest common divisor of f and t?
11
Let h(s) = s**3 + 6*s**2 - 3*s - 24. Let a be h(-4). Suppose 0 = r + 35 - 175. Calculate the highest common divisor of r and a.
20
Suppose -5*h = 145 - 745. Calculate the highest common divisor of h and 96.
24
Let r(l) = -15*l + 200. Let g be r(0). What is the greatest common divisor of 280 and g?
40
Let n = -421 - -521. What is the highest common divisor of 25 and n?
25
Suppose 0 = -2*x - 10, -4*a + 115 = 4*x - 7*x. Let r be a + 3/(3/(-2)). Suppose -3*j + 10 + r = 0. What is the highest common factor of 77 and j?
11
Let y = -145 + 154. Let f = -6 - -2. Let w = f + 5. What is the greatest common divisor of y and w?
1
Let w = -23 - -23. Suppose -t - 2*b - 7 = w, 2*t = 2*b - 3*b - 2. Calculate the greatest common factor of t and 4.
1
Let p be 1 + 6/(-12)*-142. What is the highest common factor of 9 and p?
9
Let n = 15 + -20. Let g be (-34)/n - (-2)/10. Suppose -2*q + g*q - 625 = 5*k, -3*q = -4*k - 374. What is the greatest common factor of q and 14?
14
Suppose 4*p = -5*s - 25, 2*p + 6 = -4. Let u = s + 3. Suppose -4*o + 4 = -u*o. What is the greatest common factor of o and 6?
2
Let y = 23 - 17. Let h be 400/(-3) - y/9. Let c = h + 189. Calculate the greatest common factor of 5 and c.
5
Let f be 17/2*(5 - 3) + -2. Suppose 2*n - f = n. What is the highest common divisor of 60 and n?
15
Let g = 1273 + -517. Suppose 5*b - g = -b. Calculate the highest common divisor of b and 14.
14
Let l(r) = 24*r**2 - 4*r + 2. Let q(y) = -49*y**2 + 7*y - 4. Let f(a) = -5*l(a) - 3*q(a). Let j be f(2). Calculate the greatest common divisor of 81 and j.
27
Suppose -5*d = 16 + 4. Let s(m) = -m - 1. Let r be s(d). Let b(h) = -h**3 - h + 21. Let w be b(0). What is the greatest common divisor of w and r?
3
Let m = -809 - -843. Calculate the highest common divisor of 136 and m.
34
Let i = -494 - -647. Calculate the greatest common divisor of 9 and i.
9
Let b(a) = 4*a**3 + 3*a**2 - 4*a - 1. Let s = 35 - 33. Let j be b(s). What is the greatest common divisor of j and 140?
35
Let u be ((-9)/5)/(102/(-680)). Calculate the highest common divisor of u and 108.
12
Let a = -1251 + 1321. Calculate the highest common factor of a and 630.
70
Suppose -16*f + 38*f = 8954. What is the highest common divisor of 33 and f?
11
Suppose 0 = 6*h - 14*h + 1152. Suppose 0 = 65*q - 71*q + h. Calculate the highest common factor of q and 48.
24
Suppose -3*l = 12, 2*t - 146 = l + 3*l. What is the highest common factor of t and 715?
65
Let n = 493 - 412. What is the greatest common factor of n and 18?
9
Suppose -3188 + 1136 = -19*r. What is the highest common factor of r and 252?
36
Let d(h) = h**3 - 8*h**2 + 7*h + 9. Let a = -39 - -46. Let u be d(a). Calculate the greatest common factor of u and 99.
9
Suppose 0 = -27*l - 21*l + 1536. Calculate the highest common divisor of 1568 and l.
32
Let c = -1271 + 1865. Suppose -6*r = -4*r - c. What is the greatest common divisor of r and 33?
33
Let n(d) = -19*d - 391. Let x be n(-42). Calculate the highest common divisor of x and 33.
11
Let t be ((4/(-12))/(1/(-186)))/1. Let m = t - 7. What is the highest common factor of 11 and m?
11
Let v = -20 - -30. Suppose v*u = 4*u + 966. Let a = u + -65. Calculate the highest common factor of a and 12.
12
Suppose o - 81 = 2*d + 23, -3*o + 311 = -5*d. Calculate the greatest common divisor of 136 and o.
34
Suppose 14*a - 11*a - 57 = 0. Suppose a = -3*r + 184. What is the highest common divisor of 5 and r?
5
Let g be 5/(-4)*(1 + -69). Let c be 5/(2*1/2). Suppose -a - 5*l = -2 - 0, -3*a - c*l = -36. Calculate the highest common factor of a and g.
17
Let d = -23 - -23. Suppose d = -5*f + 10, 6 = -2*r + 2*f. Let t be -5*r/(10/448). Calculate the highest common factor of 28 and t.
28
Suppose 4*w = w. Let n be w - -150 - (-6)/(-2). Let y be 6/(-14) + 150/7. What is the highest common factor of n and y?
21
Suppose 2*b - 13 = -5. Suppose -b*t - 6 = -2*t, t - 12 = -3*l. Calculate the highest common divisor of l and 35.
5
Let a = -9 + 29. Let t be a*(26/4 - 3). Calculate the highest common factor of t and 14.
14
Let v be 4/2*(-5)/(45/(-621)). Calculate the highest common divisor of v and 46.
46
Let t(p) = 14*p - 140. Let w be t(62). Calculate the highest common factor of w and 273.
91
Suppose 0 = -3*v + 21*v - 5184. Calculate the highest common factor of v and 96.
96
Let y(c) = -3*c**3 + 66*c**2 + 327*c + 5. Let s be y(-5). What is the greatest common divisor of s and 5?
5
Let o be (4 - -1)*2640/150. What is the greatest common factor of o and 154?
22
Let l(r) = -r**2 + 3*r + 2. Let a(k) = -k + 3. Let w be a(0). Let x be l(w). Let m be -3 + (-2)/(x/(-15)). Calculate the highest common divisor of 108 and m.
12
Suppose -2*s + 2*k + 14 = 0, -3*k - k = -s + 7. What is the highest common factor of 875 and s?
7
Let a(q) = -21*q - 5. Let f be a(-4). Suppose f + 26 = 5*t. Let p = t - 15. Calculate the greatest common factor of p and 24.
6
Let h(d) = 2*d**2 - 21*d - 18. Let x be h(12). Calculate the greatest common divisor of x and 45.
9
Let k(a) = 2*a**2 - 9*a - 14. Let x be (-5)/(-15)*0 + 8. Let c be k(x). Calculate the highest common factor of 56 and c.
14
Suppose 7*u = 19*u + 816. Let j = 77 + u. Suppose 5*d - 86 = 364. What is the highest common factor of j and d?
9
Let u(m) be the first derivative of -m**2/2 + 7*m + 1. Let w be u(-6). What is the greatest common divisor of 143 and w?
13
Let r(i) = -i**3 - 9*i**2 - 14*i - 12. Suppose 3*v + 2*v + 40 = 0. Let z be r(v). Calculate the highest common factor of 252 and z.
36
Let p(r) = -r + 12. Let c be p(8). Suppose 0*v + c*v = 104. What is the greatest common factor of 130